 c = 4508 - -1358. What is the thousands digit of c?
5
Let z(u) = -32*u + 28. Let v(c) = 36*c - 27. Let y(d) = -2*v(d) - 3*z(d). What is the hundreds digit of y(17)?
3
Suppose -2*w + 44 = 2. Let k be (2*1/2)/(7/w). Suppose 0*n + k*n - 408 = 0. What is the hundreds digit of n?
1
Let g be (10914/(-9) + -2)*12/(-8). Suppose -179 + g = 31*n. What is the tens digit of n?
5
Let d be ((-24)/108)/(2/(-18)). Suppose -4*c - 6*h + 1861 = -3*h, -3*h = -d*c + 917. What is the hundreds digit of c?
4
What is the units digit of (-2 - 973428/(-48)) + -5 - 1/(-4)?
3
Let u(h) = -h**3 + h**2 - h - 1. Let j be u(-1). Suppose w + j*w - 1920 = 0. What is the hundreds digit of ((-6)/(-8))/(4/w)?
1
Let i(u) = 19*u**2 + u - 49. Let c be i(-7). Suppose -44*j = -9*j - c. What is the tens digit of j?
2
Suppose 0 = -1723*i + 1741*i. Suppose 0 = -5*h - 8 + 23. Suppose p + h*x - 64 = i, 2*x + 59 = p - 0*p. What is the units digit of p?
1
Let n = 471 - 225. Let i = n + -97. Let l = i - 40. What is the units digit of l?
9
Let n be ((-30)/(-75))/((-2)/(-80)). Suppose 18*p - 144 = n*p. Suppose 4*r = p + 220. What is the tens digit of r?
7
Let h(z) = -21*z**3 + z**2 - z + 31. What is the units digit of h(-7)?
0
Let f(p) = 1526*p + 5173. What is the tens digit of f(6)?
2
Suppose 17*v - 1269 + 872 = 3377. What is the units digit of v?
2
Let k = 160 + -144. Suppose 104 = -8*d + k*d. Suppose 8*q + 1440 = d*q. What is the tens digit of q?
8
Suppose -v + 764 = -i - 2000, i + 8300 = 3*v. Suppose 4*x + 631 - 90 = j, -5*j - x + v = 0. What is the units digit of j?
3
Let r = 18 - 22. Let k(w) = -w**2 - 7*w + 4. Let n be k(r). Suppose -2*y + 3*x = -n, 2*y + 0*y = -3*x + 4. What is the units digit of y?
5
Let d = 6032 + -1389. Suppose 5*m - b = d, -7*b = -m - 10*b + 935. What is the hundreds digit of m?
9
Suppose 0 = 2*m + u - 13921, -11*m - 5*u + 20899 = -8*m. What is the units digit of m?
8
Let q = 23429 + -12172. What is the hundreds digit of q?
2
Let d = -7729 + 13216. What is the hundreds digit of d?
4
Let b = -1597 - -3135. Let p = b - 689. What is the hundreds digit of (p/6 - 2) + 3/(-6)?
1
Suppose -3*a = -2*a + 2*y - 4, -3 = a - 5*y. Suppose 3*p - a*j - 769 = -j, -247 = -p + 5*j. Let q = p + -148. What is the units digit of q?
9
Suppose -11*y + 89 = 1. Let m(n) = 17*n**2 - 28*n + 16. What is the tens digit of m(y)?
8
Let f be 3/4*-10*28/(-35). Suppose f*i - i + 2166 = 2*k, i + 4368 = 4*k. Suppose -4*d + 875 = -r, -4*d + k = d - r. What is the hundreds digit of d?
2
Suppose 0 = 4*c + 4*s - 28, 3*c = 2*c - 4*s + 1. Let x(d) = 2*d**3 - 9*d**2 - 31*d - 21. What is the units digit of x(c)?
9
Let h(z) = 78*z - 1651. What is the tens digit of h(92)?
2
Let n = -3637 - -18060. What is the thousands digit of n?
4
Let f = -7838 - -11496. What is the thousands digit of f?
3
Let u(z) = 29*z**2 - 5*z + 2. Let x be u(4). Let r = -208 + x. What is the units digit of r?
8
What is the hundreds digit of (1 - -66675)*(-29)/(-1044)*27?
0
Let o(n) = -317*n + 40. Let v be o(5). What is the hundreds digit of -2 + v/(-12) + 1/4?
1
What is the tens digit of 2/(-16)*-232*259?
1
Let s(p) = p**2 - 10*p - 47. Let v be s(14). Suppose -4*l + 5*n - 695 = -v*l, 3*l + 5*n = 411. What is the units digit of l?
2
Let t(c) = c**2 + c + 1. Let h(j) = 12*j**2 + 2*j - 24. Let b(m) = h(m) - 2*t(m). What is the tens digit of b(6)?
3
Suppose -5*r - 40 = 0, -752*g + 757*g = 5*r + 111175. What is the units digit of g?
7
Let a = 13466 - -13050. What is the units digit of a?
6
Let g be -243 + -1 + (-10 - -10). Let i = -88 - g. Suppose -2*q - f + i = 0, 5*f - 179 = 4*q - 477. What is the tens digit of q?
7
Let f = 43320 - 21845. What is the ten thousands digit of f?
2
Suppose -5*s = -5*u + 35485, 3*u + 3*s + 13124 - 34451 = 0. What is the thousands digit of u?
7
Let u be (80/(-32))/(10/(-8)). Suppose 0 = 4*l - 0*l + 2*a - 200, -4*a = u*l - 88. What is the units digit of l?
2
Let v(z) = -6*z - 20. Let g be v(-4). Suppose -g*d + 19 = -0*i + i, -2*i + 20 = 2*d. Suppose i*t = 212 + 89. What is the tens digit of t?
4
Suppose 7*u = 5*i + 9*u - 1673, 2*i - 667 = -3*u. Suppose 2*s - s = 3. Suppose 3*p = 2*m - 274, 0 = -s*m + 3*p + 73 + i. What is the hundreds digit of m?
1
Suppose 2*l - 4*i - 50 - 24 = 0, 4*i - 141 = -3*l. Let q = 45 - l. Suppose 4*h = q*c + 388, -5*c + 9 + 11 = 0. What is the units digit of h?
9
Let a be (84/8)/(4/(-16)). Let c be (288/42)/((-4)/a). What is the units digit of (1 - 0) + -1 + 864/c?
2
Suppose 45*r - 33*r - 60 = 0. Suppose w = 0, -2*o + r*w - 118 = -3*o. What is the tens digit of o?
1
Let y(s) = 2*s**2 + 14*s - 10. Let g be y(-10). Suppose -g*m + 155 = -45*m. What is the units digit of m?
1
Let q(f) = 570*f - 145. What is the thousands digit of q(10)?
5
Suppose -620*z + 598*z + 894586 = 0. What is the hundreds digit of z?
6
Let b(i) = 5*i**2 + 15*i - 11. Let y be b(-4). Suppose -y*p + 1912 = -p. What is the units digit of p?
9
Let p(c) = -537*c + 3342. Let w be p(7). Let u be (-652)/5 + 4/10. Let g = u - w. What is the hundreds digit of g?
2
Suppose 2*o + 20 = 10*y - 8*y, 4*y - 3*o = 35. Suppose 2589 = 4*v - 3*c, y*v - 3*c - 5260 = -2023. What is the units digit of v?
8
Let p = -163 - -168. Suppose -1715 = -5*n - p*d, -n - n + 686 = -3*d. What is the hundreds digit of n?
3
Suppose 4*b + a - 73 = 0, -2 = 5*a - 7. What is the tens digit of (48216/27 + 4/b)/2?
9
What is the tens digit of 6585 - 5/((-25)/(-15))*1?
8
Let r(y) = -14*y - 8. Let p be r(-1). What is the hundreds digit of 113 + -4 + -6 + p?
1
Suppose -t + 5 = 3*i, 0 = 2*i - 4*t - t - 26. Suppose 0*v = -i*v - 15. Let u(o) = -o**3 - o**2 - 14*o - 11. What is the hundreds digit of u(v)?
1
Suppose 13*u + 20350 = 63*u. What is the tens digit of u?
0
What is the units digit of (-2)/(-16) - (-11 - (-610268)/192*-6)?
2
Suppose 0 = 2*r + 93 - 137. Suppose -5274 = -40*l + r*l. What is the tens digit of l?
9
Suppose 3960 = -20*a + 24*a. Let o = a - 599. What is the tens digit of o?
9
Suppose -15*p + 24 = -9*p. Suppose -o + 3*o - 386 = -v, -p*v - 2*o + 1562 = 0. What is the units digit of v?
2
Let p(o) = -o**2 + 6*o + 29. Let u be p(9). Let n be 4/u + 5 + -3. Suppose a - n*a = -384. What is the tens digit of a?
2
What is the tens digit of (-186179)/343*-7 - 3/(-7)?
0
What is the tens digit of -1509*(-11)/11 - 2?
0
Let u(q) = -q**3 + 93*q**2 + 9*q - 159. What is the tens digit of u(89)?
2
Suppose -45*y = -41*y + 4*a - 58220, 4*y - 58262 = 2*a. What is the tens digit of y?
6
Suppose 0 = 4*i - 4*v - 26556, 5*i - 33175 = -6*v + 7*v. What is the tens digit of i?
3
Let h(z) = z**3 + 9*z**2 + 15*z + 9. Let n be h(-7). Suppose -s = -2*b - 658, -7*b - 1352 = -n*s - 12*b. What is the units digit of s?
6
Let g be -4 - -12 - (-3)/(-1). Suppose -2*x = -g*u - 152, -3*x + 148 = -x - 3*u. What is the units digit of x?
1
Let k(g) be the third derivative of 107*g**4/24 - 4*g**3/3 - 252*g**2 - 1. Let x = 5 - 3. What is the tens digit of k(x)?
0
Suppose -d + 4*y + 2 - 6 = 0, -3*d - 12 = -3*y. Let k(t) = 7*t**2 + 2*t + 29. What is the hundreds digit of k(d)?
1
What is the hundreds digit of 23 + -17 - 19696/(-4) - 1?
9
Let k = 17304 - 3842. What is the thousands digit of k?
3
Let m(p) = -125*p**3 - 13*p**2 + 21*p - 32. Let i(y) = 63*y**3 + 6*y**2 - 10*y + 15. Let r(b) = 9*i(b) + 4*m(b). What is the tens digit of r(2)?
3
Suppose -5*a - 2*o + 16 = -8, -4*a = 4*o - 24. What is the hundreds digit of (1 + a)/(19/5491)?
4
Let b(s) be the first derivative of s**6/120 + 7*s**4/12 + 7*s**3 + 20. Let n(a) be the third derivative of b(a). What is the hundreds digit of n(6)?
1
What is the ten thousands digit of 89124/2*(-466)/(-699)?
2
Let q = -177 - -492. What is the units digit of 20/6*44604/q?
2
Let v be 28/21 + 3/(-9) - 1. What is the units digit of (v + (0 - -9))*(-2877)/(-63)?
1
Suppose d + 1 = 0, 2 = 3*n + 6*d - 8*d. Suppose 11*q - 9*q - 2438 = n. What is the tens digit of q?
1
Suppose -635*s = -637*s + 1080. Suppose -2*i + 1284 = i + 2*k, 2*k = -2*i + 856. Suppose -i - s = -8*p. What is the units digit of p?
1
Let u = 280 + -161. Suppose -14*i = -4*r - 11*i + 300, -3*r + 200 = 4*i. Let l = r + u. What is the hundreds digit of l?
1
Suppose -2*z - 89*v + 2868 = -85*v, -5721 = -4*z - 3*v. Suppose -51*s - z = -53*s. What is the units digit of s?
4
Suppose 0 = 4*o - 32 + 24. Suppose -o*b -